 base 13, what is -29 + -20b?
-237
In base 10, what is -3994 - 3?
-3997
In base 11, what is 3 + -226?
-223
In base 10, what is -11 + -548?
-559
In base 12, what is 835 - 5?
830
In base 16, what is -2 + -5b?
-5d
In base 3, what is -2 + 1102?
1100
In base 5, what is 1000 + -122?
323
In base 5, what is -1 - -2401?
2400
In base 9, what is -813 + 0?
-813
In base 12, what is 18 - -199?
1b5
In base 16, what is 12f - 32?
fd
In base 16, what is 2 + -46?
-44
In base 2, what is 11000 - -100001111?
100100111
In base 15, what is -9 - -9?
0
In base 10, what is -31 - -43?
12
In base 5, what is 121 - -10?
131
In base 2, what is -1011101110000000 - 100?
-1011101110000100
In base 16, what is -b - -2b?
20
In base 8, what is 127 - -151?
300
In base 16, what is -13cf - 2?
-13d1
In base 14, what is 44 - -40?
84
In base 2, what is 0 - -1010000?
1010000
In base 8, what is -402 - 3?
-405
In base 8, what is 72 - -5?
77
In base 11, what is -1725 + 0?
-1725
In base 6, what is 1342 - 3?
1335
In base 2, what is 110 + -11011?
-10101
In base 10, what is -3 + 217?
214
In base 10, what is -5098 + -2?
-5100
In base 13, what is 390 + 8?
398
In base 3, what is 2 + -201?
-122
In base 6, what is 2 + -40112?
-40110
In base 9, what is 1177 - -4?
1182
In base 9, what is 1 + -216?
-215
In base 16, what is -3 + 12?
f
In base 4, what is -11 - -120000?
113323
In base 13, what is 14 - 6?
b
In base 3, what is -12122 - 11?
-12210
In base 9, what is 5 - 2328?
-2323
In base 16, what is 9 + 7a?
83
In base 15, what is -146 + -13?
-159
In base 2, what is -1111011 + -101?
-10000000
In base 11, what is -4a - 45?
-94
In base 7, what is 0 + 123?
123
In base 8, what is -5 - 20?
-25
In base 15, what is b8 - -5?
bd
In base 10, what is -14 + -277?
-291
In base 5, what is -20402 - -33?
-20314
In base 2, what is -1 - 1010?
-1011
In base 4, what is 121301 - -10?
121311
In base 3, what is -201 - 1221?
-2122
In base 7, what is -2 + 1461?
1456
In base 16, what is 3 + -785?
-782
In base 14, what is -1 - -1c?
1b
In base 9, what is 18483 - -5?
18488
In base 8, what is 464 - 2?
462
In base 13, what is 1 - 76?
-75
In base 10, what is 33 + 40?
73
In base 8, what is -1017 - 3?
-1022
In base 9, what is -175 - -12?
-163
In base 4, what is -32 + -1222?
-1320
In base 4, what is 230011 - 0?
230011
In base 7, what is -1061 + 6?
-1052
In base 15, what is a3 + -15?
8d
In base 3, what is 21110 - 0?
21110
In base 4, what is 23 - 10010?
-3321
In base 12, what is -32a - -2?
-328
In base 11, what is -a8 + -51?
-149
In base 5, what is -113324 + 10?
-113314
In base 7, what is 3 - -34?
40
In base 14, what is 25 - 26?
-1
In base 11, what is -2 - 17?
-19
In base 8, what is -7 - -112?
103
In base 3, what is 100210 - 201?
100002
In base 10, what is 5 - 73?
-68
In base 15, what is -2c - -17?
-15
In base 16, what is -359b - 1?
-359c
In base 13, what is -30 + -48?
-78
In base 14, what is 1 - -8b?
8c
In base 14, what is 5 + -dc2?
-dbb
In base 5, what is -23 + 23?
0
In base 4, what is 10 + 333?
1003
In base 7, what is 6 + -13445?
-13436
In base 14, what is 0 + 9b5?
9b5
In base 14, what is -4b9 + 5?
-4b4
In base 5, what is -10 - 3443?
-4003
In base 10, what is 1 - -5?
6
In base 8, what is -11 - -41?
30
In base 12, what is -2 + 3b79?
3b77
In base 5, what is -2 + 234?
232
In base 10, what is -66 + -41?
-107
In base 3, what is 11001 - 12?
10212
In base 12, what is 92 - 3?
8b
In base 15, what is 2b - 3?
28
In base 15, what is -2 + -43?
-45
In base 12, what is -85 + -3?
-88
In base 6, what is 2 + 11431?
11433
In base 11, what is -81a + -2?
-821
In base 6, what is 30 - 3?
23
In base 7, what is 10 - 236?
-226
In base 13, what is -3 + -2a?
-30
In base 4, what is -1 - 1110?
-1111
In base 6, what is -1351 + 5?
-1342
In base 16, what is ea - 2?
e8
In base 8, what is 5 - -1312?
1317
In base 11, what is -10765 - -5?
-10760
In base 3, what is 122 + 122?
1021
In base 15, what is 3 + -10?
-c
In base 12, what is 7 + 16?
21
In base 7, what is -103 - 16?
-122
In base 10, what is -331 - -24?
-307
In base 13, what is -24a + 0?
-24a
In base 12, what is 109 + 0?
109
In base 9, what is -11 + 81?
70
In base 9, what is 5 + -144?
-138
In base 12, what is 100 + 3?
103
In base 16, what is 28 + 0?
28
In base 6, what is 10 - 543?
-533
In base 9, what is 3 - 24?
-21
In base 7, what is -4 - 114?
-121
In base 2, what is -10 - 1001110?
-1010000
In base 15, what is -53 - -2?
-51
In base 10, what is -35 - 320?
-355
In base 15, what is 4 + -a7?
-a3
In base 5, what is -20 - 1?
-21
In base 6, what is 120 - 3?
113
In base 12, what is -15 - 50b?
-524
In base 10, what is 4 - 464?
-460
In base 6, what is -3 + -115?
-122
In base 7, what is 1 - -1?
2
In base 4, what is 301 + -311?
-10
In base 12, what is -9 - -219?
210
In base 5, what is -4 - -1401?
1342
In base 8, what is -5 + 5051?
5044
In base 4, what is 201020 - -11?
201031
In base 12, what is -93 - 4b?
-122
In base 8, what is 446 + -11?
435
In base 6, what is 5 - -2231?
2240
In base 14, what is -d62 - 3?
-d65
In base 3, what is 1112112 + 10?
1112122
In base 7, what is 0 - -354?
354
In base 2, what is -1011101000 + -10?
-1011101010
In base 9, what is -173 + -3?
-176
In base 11, what is 11 + -401?
-3a0
In base 4, what is -113 - -20?
-33
In base 16, what is 6 - -58?
5e
In base 4, what is -13212301 - -1?
-13212300
In base 10, what is 534 - 4?
530
In base 14, what is -b4 - -3?
-b1
In base 8, what is 132 - 3?
127
In base 4, what is -32313 - -3?
-32310
In base 13, what is -6 + 364?
35b
In base 5, what is -11131 - -3?
-11123
In base 4, what is -2012111 - -11?
-2012100
In base 5, what is 4331 - -10?
4341
In base 14, what is d - -2?
11
In base 8, what is -373 + 24?
-347
In base 8, what is 50 + 76?
146
In base 13, what is -1c - -10?
-c
In base 16, what is 2f - 4?
2b
In base 3, what is 2220 - 1021?
1122
In base 8, what is 6457 + 4?
6463
In base 15, what is 0 + -1a3?
-1a3
In base 6, what is -4 - 215?
-223
In base 15, what is -4d + 13?
-3a
In base 5, what is 10314 + 4?
10323
In base 10, what is -2 - 5129?
-5131
In base 9, what is 5 + 3864?
3870
In base 12, what is -b + -26?
-35
In base 13, what is -129 - 2?
-12b
In base 12, what is -5a + -41?
-9b
In base 4, what is -22 + -2320?
-3002
In base 4, what is 3 + 111103?
111112
In base 16, what is 29 + -16?
13
In base 3, what is -10 + -1000?
-1010
In base 2, what is 101 - -100011101011?
100011110000
In base 16, what is 24 - -1c4?
1e8
In base 10, what is -625 - -1?
-624
In base 12, what is -10 + 1?
-b
In base 5, what is 4 + 1341?
1400
In base 5, what is -11000 + 1?
-10444
In base 2, what is 1 - -100100000010?
100100000011
In base 6, what is -2042 + -1?
-2043
In base 3, what is 1022202100 - 12?
1022202011
In base 9, what is -7 - 14?
-22
In base 2, what is 1 - 10010010?
-10010001
In base 14, what is 0 - 97?
-97
In base 8, what is -1 - 152?
-153
In base 15, what is -5 - -282?
27c
In base 6, what is 1 - -304?
305
In base 11, what is -6a6 + -1a?
-715
In base 7, what is 5 - -24325?
24333
In base 14, what is -3 - d2?
-d5
In base 12, what is 3 + -171?
-16a
In base 14, what is -2 + -803?
-805
In base 2, what is 1 + -1000?
-111
In base 16, what is 94b - 3?
948
In base 13, what is 5 - 2c28?
-2c23
In base 7, what is 13 - -21?
34
In base 16, what is -8b - -2?
-89
In base 2, what is 11001 + 111011?
1010100
In base 3, what is 1 + -2101?
-2100
In base 16, what is 6e - 2?
6c
In base 13, what is -14 - 6?
-1a
In base 2, what is 10011 + -11111?
-1100
In base 15, what is -7 - -a9?
a2
In base 12, what is 12 + 3?
15
In base 13, what is c + -7?
5
In base 11, what is 18 - 16?
2
In base 8, what is 2074 - -4?
2100
In base 15, what is -13 + 17?
4
In base 14, what is d - -a?
19
In base 16, what is -b1b - 3?
-b1e
In base 10, what is 182 - -8?
190
In base 3, what is 10211 - -11?
10222
In base 5, what is -241 - -2202?
1411
In base 6, what is 222 + -4?
214
In base 8, what is -1 + 3604?
3603
In base 13, what is 11c6 - -2?
11c8
In base 4, what is 112 - -12311?
13023
In base 15, what is -368 - 8?
-371
In base 6, what is -3414 - 12?
-3430
In base 3, what is 110 - 110001?
-102121
In base 9, what is 30 + -48?
-18
In base 2, what is -11 + 1001010?
1000111
In base 5, what is 4313 - -10?
4323
In base 2, what is -11100110 - -1?
-11100101
In base 12, what is -43 + -2?
-45
In base 16, what is 7 - -2?
9
In base 16, what is 242 - 6?
23c
In base 